divisor of s and 12.
12
Let d be (1 + -25)*1/(-2). Let y(b) = 3*b. Let p be y(4). Suppose -m = 2*m, j = 4*m + p. Calculate the greatest common factor of j and d.
12
Suppose -18*d + 21*d = 288. What is the highest common factor of d and 8?
8
Let s be 4/(-5) - 6/30. Let u(r) = 28*r**2 + r + 1. Let w be u(s). Calculate the highest common factor of w and 4.
4
Let g(c) = -c**3 + 7*c**2 - 7*c - 5. Let k be g(6). Let i be k/(-1)*(5 + -4). Suppose 10 = 3*o - 23. What is the greatest common factor of i and o?
11
Let g be 9 + (2 - (3 - 4)). Suppose -5*b = -3*x - 74, -2*b = -3*x - 47 + g. What is the highest common divisor of b and 13?
13
Suppose -27 = -n - w, -n + 4*w - 10 = -42. Let h = -11 + n. What is the highest common factor of 153 and h?
17
Suppose -2*p + 4 = -0*p. Suppose p*n - 20 - 34 = 0. What is the highest common divisor of 216 and n?
27
Suppose -u = 2*g + 2*u - 78, 176 = 4*g + u. Suppose -4*d + 17*d = 195. What is the greatest common divisor of g and d?
15
Let t be (2/(-6) + 1)*9. Let l(w) = 2*w**2 - 9*w + 2. Let s be l(t). What is the greatest common divisor of 10 and s?
10
Let s(p) = -p**3 + 4*p**2 - 3*p + 2. Let c be s(3). Let r be -5 + 4 - 34/c. Let t = r - -26. Calculate the greatest common divisor of t and 12.
4
Let y(f) = -f + 14. Let b be y(0). Let j = 20 - b. What is the highest common divisor of 42 and j?
6
Suppose 4*o - 4 = 24. Calculate the highest common factor of o and 133.
7
Let j be (5 + -3)*(-54)/(-4). Suppose -5*h = 3*g - 0*h - 69, 0 = g + 3*h - j. Calculate the highest common divisor of g and 144.
18
Let y(z) = 4*z**2 - 5*z - 2. Let f(h) = -3*h**2 + 4*h + 3. Let i(v) = -3*f(v) - 2*y(v). Let s be i(-5). What is the highest common factor of s and 12?
6
Let y(n) = n**2 + 7*n. Let i be y(-6). Let f = 0 - 0. Let z be 0 - f - -2 - i. What is the greatest common factor of z and 88?
8
Let g be (4 - 3)*0/4. Suppose g = -p + 4*p - 2*q - 498, 0 = -4*q + 12. Calculate the greatest common factor of 21 and p.
21
Let n be (-11)/(77/(-30))*7. Calculate the greatest common divisor of 6 and n.
6
Suppose 0*f = -4*f + 12. Let a(d) = -d**2 + 9*d - 11. Let u be a(6). Let g = f + u. What is the greatest common factor of 10 and g?
10
Let p be -2 + 3 - (-6 - -1). What is the greatest common divisor of p and 30?
6
Suppose -4*x - 2*k - 202 = -0*x, -5*k = 3*x + 169. Let v be 1*3/(-2)*x. Let n = 32 + -23. Calculate the greatest common factor of n and v.
9
Let s be -4 - -14 - (0 + 1). Let y be (-8)/(-36) - (-61)/s. Calculate the greatest common factor of y and 1.
1
Let c be 444/9 - ((-6)/9)/(-2). What is the highest common factor of 21 and c?
7
Let n = -17 - -61. Let l = -20 + n. Calculate the greatest common divisor of 3 and l.
3
Let a(q) = -q**3 + 6*q**2 - 2*q - 4. Let m be a(5). What is the greatest common factor of m and 55?
11
Suppose -65 = -9*a + 4*a. Suppose -2*q = 5*r - 0 - 156, -2*r = 0. Suppose 3*f = 5*f - q. What is the highest common divisor of f and a?
13
Let z be (0/(-3))/(-3) - -3. What is the highest common divisor of 21 and z?
3
Let p(v) = -v**3 + 168. Let z be p(0). Calculate the greatest common factor of 21 and z.
21
Suppose -76 = -3*l + p, -2*p - 1 = -3*l + 70. Suppose 4*t - 13 - l = -4*f, -2 = -f - 5*t. What is the greatest common divisor of 48 and f?
12
Let g = 10 + -7. Let i = 3 - 3. Suppose -2*z + 37 + 29 = i. What is the greatest common divisor of z and g?
3
Let c be -1 + (-28)/(-2)*10. Let u = c + -84. What is the highest common divisor of 22 and u?
11
Let t be (-4)/14 - (-284)/14. Suppose -8*w - 2*w + 50 = 0. Calculate the highest common factor of w and t.
5
Suppose -4*z = 3*k - 13, -5*k = -7*k - 5*z - 3. Calculate the greatest common factor of 33 and k.
11
Let o be -8*(5/(-2) - -2). What is the greatest common factor of 8 and o?
4
Suppose 0 = h - 0*p + 2*p - 13, -5*p = h - 25. Suppose -h*w + 4*w = -40. What is the greatest common factor of w and 8?
8
Suppose p - 2 = i + 2*i, -4*i - p + 2 = 0. Suppose i = -2*u - u. Suppose -2*k - 3*k + 12 = -l, u = -2*l + 4*k. What is the highest common factor of l and 20?
4
Suppose -14 = -4*b - 3*a, 0*b = 2*b - a - 2. Calculate the highest common divisor of 5 and b.
1
Let w(u) = 9*u + 3. Let l be w(1). Calculate the greatest common factor of 84 and l.
12
Let t = 145 + -64. Calculate the greatest common factor of 9 and t.
9
Suppose -3*h = -g + h + 15, 5*g + 5*h - 175 = 0. Let p = -21 + g. Calculate the greatest common divisor of p and 40.
10
Suppose -6 + 2 = -d, 2*r + 4*d - 12 = 0. Suppose -5*i - 5 = -5*c, -2*c + 37 = i + 4*i. Let u be r + (c/3 - -55). Calculate the highest common factor of u and 5.
5
Let h(o) = -o**3 + o**2 - o. Let s be h(2). Let r be (-38)/s + 2/3. What is the highest common factor of 1 and r?
1
Let y = 30 + -18. Let i = 189 - 105. Calculate the highest common factor of y and i.
12
Let o be 904/10 + 4/(-10). What is the highest common divisor of o and 18?
18
Suppose 4*u - 5 = -13, -4*i + 4*u + 56 = 0. Calculate the greatest common divisor of i and 3.
3
Let d be ((-45)/4 - -8)/((-1)/20). What is the highest common divisor of 13 and d?
13
Suppose 4*o = -0*o + 736. What is the highest common factor of 23 and o?
23
Let m = -3 - -58. Calculate the greatest common factor of 22 and m.
11
Suppose 358 = m - 212. Suppose m = -0*u + 3*u. What is the greatest common factor of 19 and u?
19
Let q(l) = 3*l - 10. Let f be q(8). Suppose -4 = 2*o, -5*b + 5*o - 3*o = -39. What is the greatest common divisor of f and b?
7
Let l be 16 - (-2)/(4/6). Calculate the greatest common divisor of l and 19.
19
Let u = 17 - 13. Suppose q + u*w - 74 = 0, 2*w + 2*w + 466 = 5*q. Calculate the highest common factor of 18 and q.
18
Suppose -p - 3*b + 8 = -22, 5*p + 5*b - 130 = 0. Suppose 0 = 4*r - 6*r + 24. What is the greatest common divisor of r and p?
12
Let j be (-596)/(-9) + 15/((-540)/8). Let r(u) = 2*u**3 - u**2 - 1. Let m be r(3). What is the greatest common divisor of j and m?
22
Let g = 36 + 3. Calculate the highest common factor of 3 and g.
3
Let z = -17 - -18. Calculate the greatest common factor of z and 5.
1
Let j(m) = -4*m + 1. Suppose 0 = 2*r + 19 - 7. Let q(h) = 2*h - 1. Let o(n) = r*j(n) - 15*q(n). Let y be o(-9). Calculate the highest common factor of y and 7.
7
Suppose 361 - 1208 = -7*t. Let u(z) = z**2 - 4*z - 10. Let y be u(7). Calculate the greatest common divisor of y and t.
11
Suppose -3*r = -3*v - 21, 0*r = -4*r - 3*v - 7. Let u be -1*(-1*6)/r. Let b = u - -109. Calculate the highest common factor of b and 14.
14
Let s = -15 + 20. Suppose 4*g - 230 = -s*v + 2*g, -4*v = 3*g - 177. Suppose -3*b - 48 = -6*b. Calculate the highest common divisor of b and v.
16
Let h be (-1820)/(-32) - (-2)/16. Calculate the highest common divisor of h and 19.
19
Suppose -2*j - 3*j + 80 = 0. Suppose 5*g - 17 = 3. Let a = -2 + g. Calculate the highest common divisor of j and a.
2
Suppose -4*h - 15 = h. Let a be (-323)/(-2) + h/2. What is the highest common divisor of a and 20?
20
Let p be 7/35 + 638/10 + 0. What is the highest common divisor of 8 and p?
8
Suppose 8 = 3*c - 22. Let b = -5 + c. Let j be 646/8 - b/(-20). Calculate the highest common divisor of j and 9.
9
Suppose -138 = -6*l + 78. Let h be (l - -1) + (-2 - 0). What is the highest common divisor of 7 and h?
7
Suppose -2*x + 2*g + 10 = -x, 4*x + g - 13 = 0. What is the greatest common factor of 24 and x?
4
Let y = -78 + 113. Let v be 13 - 7 - (-1 - 0 - 0). What is the greatest common divisor of v and y?
7
Let c(f) = 2 - 1 - 4*f + 3*f. Let t be c(-3). Suppose -2*u - 15 = -5*u, 4*d + t*u = 32. What is the highest common divisor of 27 and d?
3
Let g be -3 + 1 - 10*-5. Let m be 54/(-15)*50/(-15). What is the highest common divisor of m and g?
12
Suppose 5*z + 37 = 12. Let m be (0 - 3)*z/3. Suppose 0 = -3*h - m*q + 34, -4*h + 54 = -0*q - 2*q. Calculate the greatest common factor of 26 and h.
13
Let b(f) = -f**2 - 10*f + 4. Let c(o) = -5*o**2 - 50*o + 20. Let x(j) = -11*b(j) + 2*c(j). Let y be x(-12). What is the greatest common factor of y and 180?
20
Let f be 0 + (-1)/((-1)/90). Suppose 4*d + 108 = 10*d. Calculate the highest common factor of d and f.
18
Suppose 13 + 23 = 3*y + m, -55 = -4*y + m. Let b = -225 + 368. What is the highest common factor of b and y?
13
Suppose -3*a - 10 + 3 = -2*n, 3*n + 4*a - 2 = 0. Suppose 31 = j + 2*j - 5*b, -5*